*u, j = -2*u - 4*p + 56. What are the prime factors of u?
2, 17
Let v(p) = p**3 + 159*p**2 - 215*p - 2485. List the prime factors of v(-159).
2, 5, 317
Suppose 115*n - 111*n + 4 = 0. What are the prime factors of (-7 + 354/(-3))*n*5?
5
Suppose -14*l = -757351 + 231077. List the prime factors of l.
37591
Let x(z) = -z - 6. Let d be x(-2). Let q be (d/4)/((-2)/50). Let g = -14 + q. What are the prime factors of g?
11
Let c(i) = i**3 - 7*i**2 + i - 3. Let w be c(7). Suppose -k + 12 = w*f, 14 = 4*f - 3*k + 2. List the prime factors of ((-2)/(-3))/(f*(-1)/(-504)).
2, 7
What are the prime factors of (-1)/2 - (-8012)/8 - (98 - 99)?
2, 3, 167
Let j = 238 - 241. List the prime factors of 12/j*(-7)/(42/603).
2, 3, 67
Let o = -13203 - -39939. What are the prime factors of o?
2, 3, 557
Let s = 7864 - 4417. List the prime factors of s.
3, 383
Let d = -815 + 824. Suppose 1554 = 2*x + 5*g, -d*x = -10*x - 4*g + 771. List the prime factors of x.
787
Suppose 3*a - 7137 = -3*g, -5*a + 6444 + 695 = 3*g. Suppose 16*j - g = 4342. What are the prime factors of j?
2, 3, 5, 7
Let t = -35958 + 71006. What are the prime factors of t?
2, 13, 337
Let k = -84887 - -148463. List the prime factors of k.
2, 3, 883
What are the prime factors of (1 - -181)/((-32)/(-55) - 90/165)?
5, 7, 11, 13
Let t(a) = 0*a + 3*a**2 + 2*a + 4*a**2 + 1. Let i be t(-4). Suppose 0 = h - 5*s + 24 - 80, -2*h + i = -3*s. What are the prime factors of h?
3, 17
Suppose 0 = 3*s - 3*c - 18, -3*s - c + 15 = 1. Suppose -4*l - 54 = -m + 167, 5*l = s*m - 295. Let a = 113 + l. List the prime factors of a.
59
Suppose -81498 - 5375 = -27*r + 51880. List the prime factors of r.
3, 571
Let k = -9 - -9. Suppose k = -3*d - 6, -d = -5*z + 3*z + 1402. Suppose -55*t + 51*t + z = 0. List the prime factors of t.
5, 7
Let c be 2/(-1)*(0 - 10/4). Suppose -w + 1183 = -3*g + 3020, 1867 = 3*g + c*w. What are the prime factors of g?
2, 307
Suppose -4*y = 10*o - 14*o + 11040, -2*y - 8276 = -3*o. What are the prime factors of o?
2, 13, 53
Let b(q) = -66*q**3 - 5*q**2 - 14*q + 66. List the prime factors of b(-10).
2, 3, 47, 233
Let n(o) = 652*o**2 + 20*o + 38. List the prime factors of n(-3).
2, 37, 79
Let h be ((-6)/(-12) - 5)*4/(-6). Let p(u) = 9*u**3 + 3*u - 3 - 4 + 4 + 1 - h*u**2. What are the prime factors of p(1)?
7
Suppose 0 = g - l + 2, l = -2*g - 0*g + 5. List the prime factors of (-25 - -203) + -7 + g.
2, 43
Suppose 3*j - 702 - 1347 = 0. Suppose 556 = -2*m - 3*d + 102, -3*m - 5*d - j = 0. Let n = m - -335. What are the prime factors of n?
2, 3, 19
Suppose -d + 6*d = 910. Let y be 2/21 + (-122543)/(-1239). Let s = d - y. What are the prime factors of s?
83
Let d = 30000 - 18477. List the prime factors of d.
3, 23, 167
Let h(t) = 501*t**2 + 463*t - 2793. List the prime factors of h(6).
3, 6007
Let f(g) = g**3 - 23*g**2 + 106*g + 27. List the prime factors of f(20).
947
Let u be 10/105*6*7. Suppose -u = m - 3*m. Suppose -3*t = -t - m*h - 330, -5*t = -h - 821. List the prime factors of t.
2, 41
Let u be (-2)/(-5) + (-7)/(175/7010). Let b = u - -873. What are the prime factors of b?
593
Let x = 1136 + -2266. Let w = -52 - x. List the prime factors of w.
2, 7, 11
Suppose -4*g - 2524*p = -2523*p - 127971, -5*g + 159960 = 5*p. List the prime factors of g.
13, 23, 107
Suppose -6*q + 69 = -3*q. Suppose 4*b - 4*o = 92, -2*b = 2*o - 3 - q. Suppose a = -b + 30. What are the prime factors of a?
2, 3
Let j(h) = 3*h - 7. Let f(o) = -10*o + 21. Let k(c) = -4*f(c) - 14*j(c). Let q be k(5). Suppose -6 = q*x - 86. What are the prime factors of x?
2, 5
Let n = 89 + -754. Let t = -49 - n. What are the prime factors of t?
2, 7, 11
Suppose -463624 = -16955*r + 16927*r. List the prime factors of r.
2, 17, 487
Suppose 34*s - 30321 + 88155 = 0. Let d = 2862 + s. What are the prime factors of d?
3, 43
Suppose 0 = 44*s + 216758 - 753558. What are the prime factors of s?
2, 5, 61
Suppose 4*s - i + 71 = 0, -11*s + 11 = -12*s - 2*i. Let b(z) = -11*z - 62. What are the prime factors of b(s)?
5
Suppose 5*j - j - 17 = o, j - 5*o = 28. Let x be 336 - (8 + 56/(-7)). Suppose -l + 68 = 2*w - 46, -3*l + x = j*w. List the prime factors of l.
2, 5, 11
Suppose 767 = 15*u - 3*u - 26329. What are the prime factors of u?
2, 1129
Let r(z) = z + 4. Let w be r(-2). Suppose 7*q = w*q + 15. Suppose -2*i - 3*t + 117 = 0, 253 - 69 = q*i - 4*t. What are the prime factors of i?
2, 3, 5
Let p(q) = -2*q**2 - 20*q + 5. Let g be p(-10). What are the prime factors of ((-99432)/(-15))/8 - 3/g?
2, 3, 23
Let c(f) = -4*f**2 - 18*f - 11. Let d be c(-5). List the prime factors of 24311/14 - d/14.
2, 11, 79
Suppose 0 = 5*s + 25, 0 = 5*g + 5*s - 7*s - 70. Suppose -g*f = -5*f - 4662. Let l = f - 445. What are the prime factors of l?
13, 17
List the prime factors of 1155/77 + -1 + 9239.
19, 487
Let d(p) = 39*p**2 - 31*p - 291. What are the prime factors of d(-10)?
3919
Suppose 2*y = -3*q + 6, 0 = y - 6*y + 3*q + 15. Suppose 0 = v - y. Suppose -250 = -8*p + v*p. List the prime factors of p.
2, 5
List the prime factors of 29444 - (-22 - -6) - (4/1 - 3).
89, 331
Let r(z) = -12*z**3 + 3*z**2 + 13*z + 4. Let w be r(-7). List the prime factors of w/15 + 18/(-45).
2, 139
Let a(b) = b**3 + 8*b**2 - 14. Let d be a(-7). Let w = 45 - d. List the prime factors of w.
2, 5
Let n be ((-1)/5)/(6/(-150)). Suppose 2*d - 9 + 28 = n*s, -5*s + 17 = -d. What are the prime factors of 4/24*d*-123?
41
Let s(i) = 19*i - 2. Let o be s(1). Let v(a) = -o - 10*a + 4*a**3 - 5*a**3 - 8*a**2 - 2*a. What are the prime factors of v(-8)?
79
Let l = 16 - -266. Let o = l + 134. What are the prime factors of o?
2, 13
Suppose 2*q = 22*r - 20*r + 20030, -q = r - 10005. What are the prime factors of q?
2, 5, 7, 11, 13
Suppose 105*b + 38133 = 108*b. List the prime factors of b.
3, 19, 223
Let d(u) = 10 + 18*u**2 + 5*u + 0 - 5 - 4. Let n be d(-2). Let f = n + 25. What are the prime factors of f?
2, 11
Let l = 31425 - 6944. List the prime factors of l.
24481
Let a = 21 + -19. Suppose -a*i - 175 = -513. What are the prime factors of i?
13
Let d = 522 - 451. Let l be (-1 - -9)*(-2 - -3). Suppose 13 = 2*g + 5*u, -5*g + 3*u + d + l = 0. What are the prime factors of g?
2, 7
Let k = 19 - 4. Let g(h) = h**2 + 9*h - 40. List the prime factors of g(k).
2, 5
Suppose -3*c = -0*c - 54. Let u be 20*(-2 - c/(-4)). Suppose 0 = 12*b - 10*b - u. What are the prime factors of b?
5
Let o = 379 + -339. Suppose 18228 = -26*l + o*l. What are the prime factors of l?
2, 3, 7, 31
Let l(h) = -h**3 - 3*h**2 + 3*h + 23. Let c be l(-5). Suppose 40*m + 25254 = c*m. List the prime factors of m.
23, 61
Suppose 3*w = -i + 4178, -3*i = -6*i + 3*w + 12582. Suppose 0 = 3*p, 2*y + 3*y - 2*p - i = 0. What are the prime factors of y?
2, 419
Let y = -70 + 90. List the prime factors of (-14 + y)*2/(-8)*-172.
2, 3, 43
Suppose 0 = -33*o + 41199 + 75159. What are the prime factors of o?
2, 41, 43
List the prime factors of ((-40)/(-25))/(20/15650).
2, 313
Let g(u) = 110*u**3 - u**2 - u + 1. Let t be (-1)/(-2)*0 - -1. Let r be g(t). Let i = 208 - r. List the prime factors of i.
3, 11
Let j(s) = -s**3 - 6*s**2 - 11*s - 9. Let a be j(-4). Suppose 7*u + 709 = 9*u - a*m, u + 5*m - 348 = 0. List the prime factors of u.
353
Suppose -4*l - d = -0*d - 120, l = 3*d + 43. Let f = l - 26. Suppose -v = -f*v + 116. List the prime factors of v.
29
Let f be 168/5*(-15)/(-6). What are the prime factors of 19/19 + (f - 2)?
83
Suppose -16 = 3*q - 7*q. Let h = q + -4. Suppose h = 8*o - 6*o - 302. What are the prime factors of o?
151
Let i(q) = 756*q**3 - q**2 - 11. Let n(s) = 757*s**3 - s**2 - 9. Let d(h) = -5*i(h) + 6*n(h). List the prime factors of d(1).
2, 3, 127
Suppose -4*q - 68 + 1872 = 0. Suppose -51194 = -93*s - 8507. Suppose 7*l - q - s = 0. What are the prime factors of l?
2, 5, 13
Let i = 693 + -241. Suppose 2*l = -y + 1660 + i, y - 4226 = -4*l. List the prime factors of l.
7, 151
Let q be 631/2*(9 + -7). Let a = q + -224. What are the prime factors of a?
11, 37
Suppose -52938 = 34*a - 37*a + 2*n, 88215 = 5*a - 5*n. What are the prime factors of a?
2, 3, 1471
Suppose 0 = 3*v + 16 - 313. Suppose f - 3*w - 2 = 97, -2*w = -f + v. Suppose -z + 95 = -2*c, -4*c = -z - 0*c + f. What are the prime factors of z?
7, 13
Let f(l) = -2437*l + 465. List the prime factors of f(-17).
2, 20947
S